t g = 23 - -50. Let j = g - 64. Let o(b) = -4*b**2 - 11*b**3 + 3*b**3 + j*b**3 - 2*b. Calculate o(5).
15
Let o = -11 + 5. Suppose 5*f = -3*p + 28, -5*f - 5*p + 48 = -7*p. Let r(z) = f + 680*z + 0 - 677*z. What is r(o)?
-10
Let x(h) = 28*h - 190. Suppose p + 47 - 54 = 0. Let m be x(p). Let d(u) = u**2 - 7*u + 9. What is d(m)?
3
Let f(n) = n - 11. Let x be (-770)/22 - (-5 + -13). What is f(x)?
-28
Let v(p) = 10*p + 2. Suppose -33*f + 13*f = -120. Let z be (-5)/(25/f)*(-375)/225. Give v(z).
22
Let j(x) be the first derivative of x**6/60 + x**5/30 + x**4/12 + 5*x**2/2 + 3*x + 94. Let u(c) be the second derivative of j(c). What is u(-2)?
-12
Let x(t) = -3*t**3 - 7*t**2 - 7*t - 18. Let g(j) = -j**3 - j**2 - j - 3. Let o(u) = 6*g(u) - x(u). Let r(q) = q**2 + 4*q - 1. Let m be r(-4). What is o(m)?
3
Suppose 4*h - 343 - 43 = 2*s, 5*h - 500 = -s. Let g(n) = -h + 55 + n + 49 + n. Determine g(-8).
-11
Let h(a) be the first derivative of -a**5/20 - 5*a**4/12 + a**3/2 - 2*a**2 + 107*a - 48. Let c(q) be the first derivative of h(q). Determine c(-5).
-19
Let l(y) = y**3 + y**2 - 2*y - 2. Let m(t) = -t**3. Let x(u) = -l(u) + 6*m(u). Let z be x(-1). Let c(n) = n - 3. Give c(z).
3
Let n(z) = 61*z + 1038. Let c = 20568 - 20585. Give n(c).
1
Let q(r) = r**3 + 26*r**2 + 19*r - 142. Let b be q(-25). Let m(k) = -k**2 - 7*k + 107. Calculate m(b).
-13
Let x = 1 - 2. Let p be (-12)/(((-30)/70)/((-25958)/(-7))). Let u(w) = -w**2 + 103832 - p + 5*w**3. Determine u(x).
-6
Let u(l) = -36*l + 203. Let s(t) = 51*t - 202. Let n(x) = 3*s(x) + 4*u(x). Give n(-23).
-1
Let q(l) = 14*l. Suppose -5*v + 1 = 6. Let g(p) = 4*p + 1. Let c(k) = v*q(k) + 4*g(k). Give c(-3).
-2
Let w(v) be the third derivative of 0 + 0*v + 1/12*v**4 - 1/12*v**5 + 127*v**2 + 1/3*v**3. Give w(2).
-14
Let n(o) = 81*o + 17*o**2 - 81*o + 9*o**2. Suppose 0 = 3*z + z + 3*g + 4, 1 = -z + 5*g. Give n(z).
26
Let j = -55 - -75. Let a = 22 - j. Suppose 4*h + 2*d - 10 = 0, -h = -a*h + 2*d. Let r(k) = k**2 - 3*k + 2. What is r(h)?
0
Let y(x) be the second derivative of -5*x**3/6 - 19*x**2/2 - 838*x. What is y(4)?
-39
Let f(z) = 2*z**3 + 16*z**2 - 8*z + 15. Let j be (-2)/4*42/(-3). Let g(x) = -x**3 - 9*x**2 + 4*x - 8. Let s(h) = j*g(h) + 4*f(h). Give s(-4).
-28
Let c(l) = -l**2 + 17*l - 50. Let y be 13/((-1521)/18) - (-93)/13 - -4. Determine c(y).
16
Let i(q) = q**3 - 2*q**2 - 6*q + 17. Let f be i(0). Let a(w) = -14*w - f - 17*w + 30*w. Calculate a(0).
-17
Let l(j) = -14 - 32*j + 49*j - 18*j. Let g(s) = -s - 13. Let n be g(0). Give l(n).
-1
Let a(t) = t**3 + 28*t**2 - 4*t - 108. Suppose 5*y + g = -134, -3*y = -59*g + 60*g + 78. Calculate a(y).
4
Let k be ((-6)/(-4))/(378/(-252)). Let o(r) = r**3 + 2*r**2 - 1. Calculate o(k).
0
Let o(d) = 5*d. Let z(p) = p**2 - p - 1. Let s(r) = -o(r) - z(r). Let y = -3913 - -2791. Let k = -1127 - y. Determine s(k).
-4
Let v(p) be the second derivative of 1/6*p**3 - 1/8*p**4 - 1/2*p**2 - 5*p + 0. Let q(b) be the first derivative of v(b). Give q(1).
-2
Let a(w) = 2*w**2 - 3*w + 1. Let l be a(2). Suppose 2*u = l*u - d + 14, 54 = -5*u + d. Let c(t) = -t**2 - 13*t - 8. Determine c(u).
22
Let i(m) = 1595*m + 5*m**2 + 2*m**3 - 780*m + 4 - 809*m. What is i(-2)?
-4
Let r = 65 + -68. Let p(l) = l**2 - 20*l - 13*l + 32*l. Calculate p(r).
12
Suppose r = -3*d + 8*d - 38, -4*d + 38 = 3*r. Suppose 0 = k + 1, -3*p = -0*p + 4*k - d. Suppose 0 = 7*x - 5*x + p. Let t(s) = -s**2 - 3*s - 3. Determine t(x).
-1
Suppose 11*f - 627 = 8*f. Let h = 209 - f. Let a(t) = -t**2 + t - 1. Determine a(h).
-1
Let t(l) = -l**3 + l**2 - l + 1. Let d(v) = 5*v**3 + 4*v**2 + 6*v - 6. Let b(a) = d(a) + 6*t(a). Let r(c) = -219*c**2 + 455*c - 24. Let p be r(2). What is b(p)?
0
Suppose 0*n - 4*n + 4*w = -8, -w + 3 = 0. Let y(l) be the first derivative of -1/2*l**2 - 2*l + 8. What is y(n)?
-7
Let r(g) = -5*g**2. Let d = 256 - 242. Suppose d - 1 = -13*p. Give r(p).
-5
Let j(o) = -o**2 - 13*o - 2. Let u(h) = 27*h**2 + 10*h - 18. Let t be u(5). Let m = -720 + t. What is j(m)?
-2
Let r = 105 + -103. Suppose t - 2*d = -d + 10, -r*t + 25 = -3*d. Let v(p) = -p + 6. Calculate v(t).
1
Let o(q) = q**2 - 2*q - 75. Let i be o(-8). Let b(n) = -n**3 + 6*n**2 - 6*n - 6. What is b(i)?
-11
Let u(h) = 33*h + 1365. Let j be u(-41). Let v(c) = 15*c - 184. What is v(j)?
-4
Let w(u) = -8*u - 316. Let o(r) = -14*r**2 + 220*r + 24. Let h be o(16). Determine w(h).
4
Let h(c) = -c**3 + 6*c**2 + 3*c - 10. Suppose 0 = 49*q - 1314 + 971. What is h(q)?
-38
Let y(s) be the third derivative of 7*s**5/60 + 5*s**4/12 - 2*s**3/3 - 96*s**2. Let n(p) = -8*p**2 - 10*p + 3. Let u(r) = 6*n(r) + 7*y(r). Give u(-11).
1
Let j(y) = -y**3 + 5*y**2 - 4*y - 4. Let l = 35 - 32. Let f be j(l). Let n(g) = 5 - f + 1 + g. What is n(-7)?
-3
Let q(v) = v**2 - 8*v - 27. Let d be q(11). Let b(c) = -5 - d*c**2 - 28*c**3 + 0*c**2 + 29*c**3 + 0. What is b(6)?
-5
Let w(v) be the second derivative of v**5/20 - v**4/4 + v**3/6 - v**2 - v. Suppose -21*d + 2*t + 66 = 0, 165*t = 3*d + 162*t + 15. Calculate w(d).
18
Let r(m) be the second derivative of 7*m**3/6 - 21*m**2/2 - 2*m + 13. Let s(a) = 20*a - 61. Let l(v) = -17*r(v) + 6*s(v). Determine l(15).
6
Let v be (-8 + 1 - 0)/1. Let r be (4/(-5))/((-91)/(-35) - 3). Let z(j) = 18 - j**r - 7*j + 23 - 45. What is z(v)?
-4
Let t = -46 + 48. Let u be (3 - (-2 + 1)) + (-1 - t). Let b(d) = 3*d**2 + 7*d**3 - 4 + 3 + d - 4*d**2. Give b(u).
6
Let r(g) = 6*g + 5*g**2 + 12*g - g**3 + 1 + 12*g - 31*g. Suppose 3*l = 4 + 2. Give r(l).
11
Let t = 4 - -3. Let q(y) = -9*y**2 - 3*y - 10. Let h(b) = 8*b**2 + 3*b + 9. Let d(z) = t*h(z) + 6*q(z). Let v = 9014 + -9016. Calculate d(v).
5
Let v(j) = -30*j - 243. Let d be (-306)/(-510) - 86/10. Give v(d).
-3
Let r(p) = 2*p**3 + 18*p**2 - 3*p. Let b(t) = -t**3 + 21*t**2 - 54*t - 9. Let n be b(18). Calculate r(n).
27
Let l(d) = 24*d**2 - 15*d**2 - 11*d**2 - 1 - 12*d**2. Let s(t) = -3*t**3 + 12*t**2 + 19*t - 75. Let n be s(4). Calculate l(n).
-15
Suppose 3*t = 4*j - 0*t + 19, 4*t - 17 = -3*j. Let y(p) be the second derivative of -2*p + 0 + 1/6*p**3 - 1/2*p**2. Calculate y(j).
-2
Let a(f) = -2*f**3 + 4*f**2. Suppose 3*w = 4*x + 11 + 8, 2*x - w = -9. Let b be 5/2*(-4)/8*x. Suppose 0 = -5*q + 3*v + 9, 1 = -q - 3*v + b*v. Determine a(q).
-18
Let c(o) = -5*o**2 - 8*o - 9. Let y(j) = 31*j - 55*j - 17 - 9*j**2 + 9*j. Let q(b) = 11*c(b) - 6*y(b). Determine q(-2).
-5
Let y = -18 + 10. Let f(t) = -11976*t - 15. Let b(k) = 4355*k + 5. Let p(n) = -11*b(n) - 4*f(n). What is p(y)?
13
Let z(l) be the first derivative of 18*l**3 - l**2/2 - 2*l + 4728. Determine z(-1).
53
Let y(f) = 17*f + 12640019 - 12640019. Let z(r) = r**3 - r**2 - 3*r - 2. Let l be z(3). Suppose -4*d + 3 = l. Determine y(d).
-17
Suppose -5*w + 29 = 5*i - 26, 3*i - 33 = 4*w. Suppose x = -2*b - 14, -i - 9 = 4*b. Let z(q) = 2*q + 7. Give z(x).
-1
Let z be ((-1)/(-5))/((-25)/(-500)). Suppose -2*b - 28 = -z*u, -22*u + 23*u = 4*b + 14. Let a(k) = k**2 - 4*k - 5. Give a(u).
7
Let b(f) = -4*f + 19. Suppose 82*r - 18*r + 268 = -70*r. Give b(r).
27
Let i be (12768/35)/19 - (-4)/5. Let s(a) = a**2 - 19*a - 22. What is s(i)?
-2
Suppose 30 = -x + r, -3*x - r - 41 = 21. Let o(k) = -2*k**2 - 44*k + 47. Give o(x).
1
Suppose -3*z - 12 = 3*h, -h - 4*z = 198 - 191. Let s(t) be the first derivative of t**4/4 + t**3 - 5*t**2/2 - 2*t + 4. Determine s(h).
13
Let t(n) = 2*n + 1068888 + n**3 + 32*n**2 - 1068948 - 2*n**3. Give t(32).
4
Suppose p + 10 = 4*i, 3*p + 2*i + 2 = -0. Let s(a) be the third derivative of a**4/6 + a**3/2 + 12*a**2 + 7. Give s(p).
-5
Let q(b) = -b**3 + 5*b**2 + b + 2. Let g(v) = v**2. Let u(l) = 5*g(l) - q(l). Suppose 3*z + 186*a - 6 = 184*a, 0 = -a + 3. Determine u(z).
-2
Let m = 17 + -9. Let r(w) = -7*w + m*w - 3 + 0. Suppose -5*n + 2*x - x = 19, 17 = -3*n - 5*x. Determine r(n).
-7
Suppose 14*g = 15*g + 1, -3*h - 3*g + 150 = 0. Suppose -7*v - 33 - h = 0. Let f(p) = -p**2 - 13*p - 14. Determine f(v).
-2
Let p(r) = r + 3. Let n(m) = 2*m - 7. Suppose 13 = 3*v - 3*g + 7, 0 = -v - 2*g - 10. Let z(y) = v*n(y) - 2*p(y). What is z(-6)?
44
Let w(k) = k**3 + k**2 + 1. Suppose 0 = 4*q - 3*g - 15 - 5, 0 = -5*g - 20. Suppose q*x - 4 - 1 = -3*f, x + 4*f = 10. Determine w(x).
-3
Let c be (-8)/((-160)/(-165)) - 5/(-4). Let t be (-34)/c - (-8)/56. Let r(q) = q**3 - 6*q**2 + 5*q - 2. 